Let y(h) = 2*h**2 + 9*h - 4. Give y(-5).
1
Let d(k) = -k - 6. Calculate d(8).
-14
Let w(b) = -b**3 + b**2 + b + 8. Give w(0).
8
Let v(m) = -m + 36. What is v(27)?
9
Let c(p) = -3*p + 12. Determine c(5).
-3
Let p(o) = -o**3 + 3*o**2 + 2*o. What is p(3)?
6
Let f(a) = a**2 - 5*a - 2. Determine f(6).
4
Let j(y) = -5*y**2 - 3*y - 1. What is j(4)?
-93
Let c(s) = -4*s**2 - 1. Determine c(-3).
-37
Let g(v) = -v**2 - 10*v + 79. Give g(5).
4
Let n(o) = o + 16. Calculate n(-12).
4
Let o(a) = -a**2 - 3*a + 29. Calculate o(-7).
1
Let t(v) = v**2 - 3*v - 3. Determine t(3).
-3
Let j(w) = 3*w + 19. What is j(-8)?
-5
Let n(y) = y**2 + 7*y - 6. Calculate n(0).
-6
Let u(g) = g**3 - 8*g**2 - 5*g + 35. What is u(8)?
-5
Let a(t) = -t**2 - 7*t - 11. Give a(-7).
-11
Let g(l) = -l**2 + 4*l + 4. What is g(5)?
-1
Let f(l) = l**2 - 2*l - 3. Give f(5).
12
Let a(g) = g**2 + 7*g + 1. Give a(-8).
9
Let c(i) = -i**3 + 7*i**2 - 17*i + 6. What is c(6)?
-60
Let w(i) = -i**3 + 8*i**2 - 6*i. Calculate w(7).
7
Let n(z) = -z**3 - 6*z**2 + 7*z + 1. Calculate n(-7).
1
Let v(m) = -7*m**2 - 20*m - 3. Determine v(-3).
-6
Let p(r) = -8*r**2 - 119*r + 25. Give p(-15).
10
Let v(y) = 4*y - 15. What is v(3)?
-3
Let r(q) = -2*q**3 - 7*q**2 - 3*q - 1. Calculate r(-3).
-1
Let w(t) = t**3 - 14*t**2 + 52*t - 8. What is w(6)?
16
Let x(g) = -g**2 - 8*g + 6. Calculate x(-9).
-3
Let r(w) = -2*w**2 - 6*w + 3. What is r(-5)?
-17
Let t(v) = -3*v - 82. Give t(-25).
-7
Let o(i) = -i**2 + 4*i + 2. Give o(4).
2
Let y(p) = -281*p + 1973. What is y(7)?
6
Let i(h) = -2*h**3 + 4*h**2 - h - 2. Determine i(3).
-23
Let g(z) = z**3 - 26*z**2 + 26*z - 21. Determine g(25).
4
Let t(h) = -h**2 - 34*h - 52. Determine t(-33).
-19
Let u(g) = -g + 13. What is u(-6)?
19
Let x(y) = -y**3 + 8*y**2 + 2*y + 1. Calculate x(9).
-62
Let t(w) = -2*w**2 + 15*w + 344. Give t(-10).
-6
Let y(n) = -2*n - 18. Give y(-10).
2
Let m(k) = 2*k - 3. Give m(-6).
-15
Let t(o) = o**3 - 4*o**2 - 7*o + 11. What is t(5)?
1
Let l(r) = -2*r**3 + 12*r**2 - 4*r + 4. Determine l(6).
-20
Let s(w) = 3*w**3 + 5*w**2 + 9*w + 7. Determine s(-2).
-15
Let a(z) = -14*z + 35. Determine a(5).
-35
Let w(s) = 2*s - 26. Give w(16).
6
Let v(q) = -q**3 + q**2 - q + 11. Determine v(0).
11
Let s(c) = c**3 + 5*c**2 - 2*c - 1. Give s(4).
135
Let r(y) = -y**3 - 8*y**2 - y - 9. Calculate r(-8).
-1
Let t(d) = d**3 - 7*d**2 - d - 3. Determine t(7).
-10
Let d(h) = -16*h**3 - h**2 + h. Calculate d(1).
-16
Let s(y) = -y**3 - 24*y**2 - 61*y + 41. Calculate s(-21).
-1
Let j(f) = 12*f - 14. Calculate j(-2).
-38
Let m(w) = 8*w + 33. Calculate m(-5).
-7
Let u(d) = 4*d**2 + 13*d + 9. What is u(-3)?
6
Let p(r) = 160*r - 801. Determine p(5).
-1
Let f(w) = w**3 - w**2 - 31. What is f(0)?
-31
Let j(x) = 17*x - 7. Determine j(-7).
-126
Let o(s) = 2*s**2 + 3*s - 3. Calculate o(2).
11
Let l(x) = 2*x**3 - 2*x**2 + 3*x - 4. Calculate l(2).
10
Let z(f) = -f**3 - 4*f**2 - 4. Calculate z(-4).
-4
Let f(r) = -r**3 + 2*r**2 - 2*r - 14. Calculate f(0).
-14
Let c(z) = -3*z + 37. Determine c(18).
-17
Let p(c) = -c**3 + 7*c**2 - 4*c - 7. Determine p(6).
5
Let u(x) = -8*x**2 + 2*x + 2. Determine u(-2).
-34
Let o(q) = -q**3 - 9*q**2 + q - 21. Determine o(-9).
-30
Let c(g) = -g**2 + 8*g - 4. Determine c(11).
-37
Let x(m) = 9*m - 24. Determine x(7).
39
Let n(a) = -2*a**3 + 8*a**2 - 5*a + 3. Give n(3).
6
Let i(r) = -5*r**2 + 16*r - 7. Calculate i(8).
-199
Let k(x) = 7*x - 100. Determine k(14).
-2
Let q(c) = -c**2 + 28*c + 67. Calculate q(30).
7
Let b(k) = -k**2 + 98*k - 289. Calculate b(3).
-4
Let d(k) = k + 4. Determine d(-19).
-15
Let k(z) = 4*z**2 + 5*z + 4. Determine k(-2).
10
Let z(g) = -13*g - 378. What is z(-29)?
-1
Let u(o) = -o**3 + 5*o**2 + 7*o - 10. What is u(6)?
-4
Let k(f) = 6*f + 1. Determine k(-9).
-53
Let d(v) = v + 8. Calculate d(-7).
1
Let l(q) = -q**2 + 24*q - 28. Calculate l(21).
35
Let t(w) = w**2 - 7*w + 6. Give t(3).
-6
Let w(p) = 31*p - 10. Give w(-1).
-41
Let o(x) = 3*x - 8. What is o(8)?
16
Let o(h) = -h**3 - 63*h**2 - 4*h - 238. Determine o(-63).
14
Let l(z) = z**2 + 12*z + 24. Calculate l(-10).
4
Let u(c) = c**2 + 2*c - 5. Give u(-6).
19
Let h(w) = -2*w**3 + 3*w**2 + w + 9. What is h(3)?
-15
Let g(i) = i**2 - 14*i - 123. Calculate g(-6).
-3
Let m(g) = g - 9. Give m(4).
-5
Let a(s) = 10*s**2 - 9*s - 4. Determine a(2).
18
Let x(k) = -3*k**3 + 8*k**2 + 13*k - 2. Determine x(4).
-14
Let w(m) = 9*m - 48. What is w(5)?
-3
Let u(v) = 3*v**3 - 13*v**2 + 2*v + 12. What is u(4)?
4
Let q(c) = -c**2 + 15*c. Give q(17).
-34
Let j(f) = -2*f**2 - 7*f + 5. Determine j(-6).
-25
Let a(k) = k**3 - 20*k**2 + 19*k + 7. Give a(19).
7
Let r(s) = s**3 - 3*s**2 - 57*s - 17. Calculate r(-6).
1
Let d(n) = 20*n**3 + n**2 - n - 2. What is d(-1)?
-20
Let u(y) = -y**2 - 2*y + 1. Determine u(4).
-23
Let a(x) = -x**3 - 6*x**2 + x + 8. Determine a(-6).
2
Let y(k) = 2*k + 13. Calculate y(-11).
-9
Let r(n) = n**2 - 5*n + 6. What is r(8)?
30
Let y(t) = -7*t**2 + t + 1. Give y(-2).
-29
Let p(o) = -2*o**2 - 13*o + 1. Calculate p(-9).
-44
Let m(s) = s**2 + 26*s + 94. Determine m(-7).
-39
Let p(z) = z**3 - 12*z**2 + z - 3. What is p(12)?
9
Let k(y) = 4*y + 26. Give k(-10).
-14
Let s(p) = -p**2 - p + 1. Calculate s(-5).
-19
Let a(z) = -z**2 - 17*z - 33. Determine a(-15).
-3
Let y(t) = -t**2 + 34*t - 32. Calculate y(33).
1
Let c(h) = -h**3 + h**2 - 2*h + 2. Calculate c(0).
2
Let m(z) = -4*z - 6. Calculate m(-5).
14
Let m(x) = -3*x**2 - 24*x + 8. Determine m(-8).
8
Let v(q) = 4*q + 68. Calculate v(-21).
-16
Let d(u) = -7*u - 52. Calculate d(-9).
11
Let f(m) = 3*m**2 + m + 3. Determine f(-3).
27
Let f(y) = y**2 + 5*y - 1. Calculate f(-15).
149
Let g(t) = t**3 - 16*t**2 - 15*t - 12. Give g(17).
22
Let p(c) = 8*c - 40. Determine p(5).
0
Let b(j) = -24*j + 62. What is b(3)?
-10
Let f(l) = l + 2. Determine f(0).
2
Let v(l) = 5*l**2 + 30*l - 5. Calculate v(-7).
30
Let m(o) = -10*o**3 + 3*o**2 + 3*o + 1. Calculate m(-1).
11
Let i(u) = u**3 + 7*u**2 + 5. Calculate i(-7).
5
Let b(t) = -6*t - 107. Calculate b(-19).
7
Let f(x) = -8*x + 46. Calculate f(6).
-2
Let r(y) = y**3 - 9*y**2 + 14*y - 1. Calculate r(7).
-1
Let t(a) = 27*a**2 - 5*a + 3. What is t(1)?
25
Let i(a) = a**2 - 4*a + 64. Calculate i(0).
64
Let v(j) = 6*j + 13. What is v(3)?
31
Let w(i) = 2*i - 10. What is w(4)?
-2
Let a(o) = 3*o**2 + 24*o + 30. What is a(-6)?
-6
Let p(d) = d**3 - 8*d**2 - 19*d + 4. Determine p(10).
14
Let l(g) = 2*g + 8. What is l(-6)?
-4
Let t(v) = -v**2 - 19*v - 7. Determine t(-19).
-7
Let p(i) = 2*i**3 + 22*i**2 - 52*i. Give p(-13).
0
Let j(h) = 2*h - 41. What is j(18)?
-5
Let r(a) = -8*a + 39. Calculate r(4).
7
Let n(f) = -f**3 + 20*f**2 + 24*f - 28. Calculate n(21).
35
Let s(k) = -8*k - 2. Give s(-3).
22
Let l(r) = 4*r**2 + 2*r - 2. Calculate l(-2).
10
Let o(c) = 26*c - 25. What is o(-5)?
-155
Let i(v) = 3*v - 4. Calculate i(2).
2
Let l(v) = -3*v**2 - 5*v + 8. What is l(-8)?
-144
Let x(g) = 49*g + 403. Calculate x(-8).
11
Let g(w) = -w**2 - 7*w + 113. What is g(8)?
-7
Let s(g) = g**3 - g**2 - 3*g - 3. Determine s(-1).
-2
Let y(l) = -2*l**2 - 3*l - 1. Determine y(-1).
0
Let s(r) = 3*r**3 + r**2 - 4*r - 1. Give s(2).
19
Let c(w) = w**3 + 56*w**2 + 53*w - 97. Give c(-55).
13
Let x(g) = -g**3 + 12*g**2 + 5*g - 26. Give x(12).
34
Let h(t) = t**2 - 2*t + 16. Determine h(7).
51
Let l(h) = -h**3 + 6*h**2 + 6*h + 12. Determine l(7).
5
Let w(i) = 2*i**3 - 3*i**2 + 2*i - 3. Determine w(2).
5
Let j(k) = -7*k + 14. Calculate j(3).
-7
Let a(z) = z**2 + 6*z + 15. What is a(-4)?
7
Let j(d) = -2*d - 2. Determine j(5).
-12
Let n(u) = u**3 + 11*u**2 + 7*u - 20. Calculate n(-10).
10
Let r(l) = l**3 + 46*l**2 + 127*l - 78. Determine r(-43).
8
Let l(n) = n**3 - 18*n**2 - 7. What is l(18)?
-7
Let p(w) = -w - 56. Give p(-51).
-5
Let v(i) = i**3 - 8*i**2 + 4*i - 3. Calculate v(5).
-58
Let r(j) = -3*j**3 + 18*j**2 - j - 3. Determine r(6).
-9
Let h(d) = d**3 - 7*d**2 + 3*d + 2. Calculate h(6).
-16
Let t(a) = 4*a - 16. Calculate t(10).
24
Let d(a) = 52*a + 1. What is d(-1)?
-51
Let u(g) = g**3 + 6*g**2 - 13*g - 71. Give u(-6).
7
Let n(d) = d - 8. Give n(14).
6
Let x(a) = -7*a + 20. Calculate x(3).
-1
Let y(i) = i**2 + 37*i + 136. What is y(-4)?
4
Let s(z) = -2*z + 7. Give s(0).
7
Let z(a) = -18*a - 13. Calculate z(-1).
5
Let w(u) = -2*u + 61. Give w(0).
61
Let w(f) = 2*f*